uppose 4*q = 9*q - 20. Let u(n) = q*n**3 - 3 + 24 + 2*n - 4*n**3 + n**3. What is the units digit of u(0)?
1
Let o(c) = 11970*c**3 - c**2 + 66*c - 65. What is the tens digit of o(1)?
7
What is the units digit of (-29036)/6*((-7)/3 + 510/612)?
9
Let w = -178 - -190. Suppose -w*i - 2*i = -5754. What is the tens digit of i?
1
Let k(d) = 21*d**2 - 49*d - 163. What is the hundreds digit of k(17)?
0
Let a = 47604 - 16302. What is the tens digit of a?
0
Suppose g + 2*j - 812 - 39 = 0, -5*g = 4*j - 4255. What is the units digit of g?
1
What is the ten thousands digit of (4 - (-6)/2) + (-119 - -20984)?
2
What is the thousands digit of -2*63/105 - (-286322)/10?
8
Suppose i - 1 = 3, -z + 5*i = -68. Let x = 280 + z. Suppose 2*q + 0*q + 2*k - 184 = 0, 4*q = k + x. What is the units digit of q?
2
Suppose 40 = 4*r + 2*x, -48 = 4*r - 9*r - 2*x. Suppose -6*b = -r*b + 12. What is the units digit of b/(3 - ((-1384)/(-348) - 1))?
1
Suppose -55 = -3*i + 101. Let n = i - 41. Suppose 0 = n*q - 7*q - 200. What is the tens digit of q?
5
Suppose 3*p = -4*b + 15 + 14, -21 = -3*b - 2*p. Suppose -5*t - 119 = -b*k + 136, 3*t = 5*k - 245. What is the units digit of k?
6
Suppose -71922 = -5*t + 36344 - 31711. What is the ten thousands digit of t?
1
Let r = -3786 - -6454. Let h = r + -1818. What is the tens digit of h?
5
Let v be 1*(1 - -1) - (16 - 18). Suppose 4*o + 248 = 4*f, -v*o + 8 = -0*o. Suppose b = f + 1. What is the tens digit of b?
6
Let d = -11934 - -18989. What is the tens digit of d?
5
Suppose q + t = 14511, 36 = -4*t - 0. What is the hundreds digit of q?
5
Let a = 58 + -42. Suppose q - a = -q - 2*b, 3*q + 4*b - 29 = 0. Suppose 7 = -4*i + 3*n, q*i + 2*i = 4*n - 10. What is the units digit of i?
2
Suppose -102 = -b - 0*b + 4*s, -5*s = -2*b + 210. Let y = 105 - b. What is the tens digit of (-707)/y - 16/40?
4
Suppose -410 - 146 = -2*y. Suppose w + 7*f = 5*f + y, 0 = 4*w - f - 1157. What is the units digit of w?
8
Suppose -2*u = -5*o + 3*o + 198, -2*u - 100 = -o. Let z(w) = -5*w**3 + 3*w**2 - w - 2. Let l be z(-3). Let i = l - o. What is the units digit of i?
5
Let k = -521 + 524. Let c(u) = 42*u**2 - 8*u + 5. What is the hundreds digit of c(k)?
3
Let f = 17181 + -2748. What is the hundreds digit of f?
4
Let c = -51 - -51. Let n be (247 - 1) + (c - -1)*2. What is the tens digit of n/16 - (-2)/4?
1
Suppose -6*q = -5*q + 4, 4*u + 3*q = 0. Suppose 5*m - o - 3 = 7*m, u*o + 10 = -5*m. What is the units digit of m?
1
What is the hundreds digit of 1/(4/(3722256/(-3722244)) + 4)?
5
Suppose 0 = 65*f - 60273 - 356962. What is the tens digit of f?
1
Let z be 129/2*(0 + -2). Suppose -2*c = 5*w + 73 - 569, 2*c = -w + 504. Let o = z + c. What is the tens digit of o?
2
Suppose -161*v + 163*v + 3*r - 658 = 0, -4*r = -3*v + 970. What is the units digit of v?
6
Let n be (2/(-6))/((-64)/33216). Suppose -546 = -174*j + n*j. What is the hundreds digit of j?
5
Suppose -502 = 98*f - 94*f - 3122. What is the units digit of f?
5
Suppose 177335 + 1152357 = 91*n. What is the ten thousands digit of n?
1
Suppose -31*r = -25*r - 6. Suppose h + r = -0, 474 = 2*g - 4*h. What is the units digit of g?
5
Suppose 15*v - 101931 = -14706. What is the tens digit of v?
1
Let n(m) = -m**2 - 9*m - 19. Let j be 2/4 + (-50)/4 + 6. Let u be n(j). What is the tens digit of (14*15/(-12))/(u/12)?
1
Let r = 602 + -604. Let t be (-4 - -6)*(-3)/(-2). What is the tens digit of (3/r)/(t/(-134))?
6
Suppose 34 = 4*f - m, 0*f - 3*m = -4*f + 38. Suppose f*j = 9*j - 1. Let l = j - -143. What is the units digit of l?
4
Let k(b) = 19009*b + 4439. What is the thousands digit of k(3)?
1
Let j be (-60)/(-8) - 1/2. Suppose -j*o = -2804 - 2229. What is the tens digit of o?
1
Suppose 122*x = 140*x - 80586. What is the units digit of x?
7
Suppose -6*y - 7*y = -20*y + 142639. What is the units digit of y?
7
Let a(y) = -3*y + 28. Let h be a(15). Let p = -15 - h. Suppose 4*v - p*j - 564 = 0, -9 = 4*j + 7. What is the tens digit of v?
3
Let a(n) = -n**3 - 14*n**2 + 15*n + 3. Let k be a(-15). Suppose -4*w + 3*w - 5*d + 141 = 0, -6 = k*d. What is the hundreds digit of w?
1
What is the ten thousands digit of 2459023/155 - (-4)/10 - 14/217?
1
Suppose 59*n - 55*n = 20. Suppose n*q = 0, 15*y - 13*y - 2826 = q. What is the units digit of y?
3
Suppose 0 = 5*v + 10*v + 8*v - 149891. What is the hundreds digit of v?
5
Suppose -39*p + 46*p = -189. What is the tens digit of (-28 - p)/(1/(-850))?
5
Let h(b) = b**2 + 28*b + 121. Let q be h(-23). Let y(d) be the third derivative of -d**4/24 + 13*d**3/3 - d**2. What is the units digit of y(q)?
0
Let f(t) = t**2 + 4*t + 10. Let r be f(-5). What is the units digit of 1*(-3)/r + 1024/20?
1
Let u(v) = 26*v + 27. Let g be u(-8). Let k = g + -221. Let y = k + 644. What is the units digit of y?
2
Suppose -43728 = -240*y + 228*y. What is the hundreds digit of y?
6
Let g(l) = -5*l**3 - 7*l**2 - 6*l + 4. Suppose -444 = -15*s + 11*s. Let a = 107 - s. What is the tens digit of g(a)?
3
Let f(s) be the first derivative of -s**4/4 + 2*s**3 - 5*s**2/2 + 3*s - 35. Let k be f(5). Let v(p) = p**2 - p. What is the units digit of v(k)?
6
What is the hundreds digit of 248/(-32) + 8 + (-41121)/(-12)?
4
Suppose o + 3*a + 4 = 0, -3*a - 4 + 8 = 2*o. Let j(k) be the third derivative of k**5/60 - k**4/8 + 7*k**3/6 + 3*k**2 - k. What is the tens digit of j(o)?
4
Let i(m) = 18*m - 46. Let h be i(3). Let f(v) = v**3 - 5*v**2 + v + 32. What is the tens digit of f(h)?
3
Let n be -1 + 4 - 14/56*-4132. Let w = 2166 - n. What is the units digit of w?
0
Suppose d = -4*f + 7140, -3*d - d + 3*f = -28617. What is the units digit of d?
2
Suppose -2*y + o = -5*y + 2233, 0 = 5*y - 3*o - 3731. Let k = y - 633. What is the units digit of k?
2
Suppose 13*w = 6*w + 49. Let f = -16 + 18. Suppose -f*l + w = -169. What is the tens digit of l?
8
Suppose -228636 = -33*x - 24*x + 21*x. What is the tens digit of x?
5
Suppose 0 = 37*b - 41*b - 92. Let j = b + 25. Suppose j*y = -2*y + 272. What is the tens digit of y?
6
Suppose 3*b + 7*m = 4*m + 4266, -2*m + 1424 = b. Let v = b + -526. What is the hundreds digit of v?
8
Let z(s) = -63*s - 15. Let l be z(-4). What is the hundreds digit of (21/(-35) - (-9)/15) + l?
2
Let f = 1326 + -1328. Let j be 3*-2*302/4. What is the units digit of (j/9 - -3)/(f/3)?
1
Suppose 0 = 3*w - 4*d - 12932, -13*w = -8*w - 4*d - 21564. What is the units digit of w?
6
Let g(m) = -m**3 + 12*m**2 + 18*m - 17. Let p be g(13). Suppose 76 = -p*i + 52*i. What is the units digit of (i/4)/(8/96)?
7
Let j(p) = -p**3 + 3*p**2 + 21*p + 11. Let u be j(11). Let v = u + 367. Let r = v - -556. What is the tens digit of r?
9
Suppose 0 = -17*w + 18*w - 3. Let a(r) = -w + 1 + r + 4*r + 4. What is the units digit of a(1)?
7
Suppose -20*w - 3*w = -92. Suppose -3*r - 970 = -w*q + 1027, 2*r - 1002 = -2*q. What is the hundreds digit of q?
5
Let x be -2 + (-51)/(-1)*1. Let w(s) = s**2 - 9*s + 49. Let q be w(10). Let l = q - x. What is the units digit of l?
0
Let m(o) = o**3 + 2*o**2 - 15*o + 17. Let s be m(7). Let y = s - -468. What is the units digit of y?
1
Suppose -136*b - 81 = -145*b. What is the units digit of (-456)/b*(60/(-4) + -3)?
2
Let t = 537 - -29. Let f = t - 42. What is the tens digit of f?
2
Let j(n) = 259*n + 4. Let i(b) = b. Let a(u) = -4*i(u) - j(u). Let w be (17/(-51) - 0)*(2 - -1). What is the units digit of a(w)?
9
What is the hundreds digit of 1 + 8123 + (10 - 123/12)*20?
1
Let q = 4849 + -3376. What is the tens digit of q?
7
What is the thousands digit of 7620 + (4 + -18 + 8 - (-1 + -2))?
7
Let o be (10560/(-44))/((-3)/2). Let a = o + -25. What is the hundreds digit of a?
1
Let i(p) = -2*p - 24. Let u be i(-13). Let g(q) = 4*q - 4. Let n be g(u). Suppose -2*z - 92 = -n*z. What is the units digit of z?
6
Let q(h) = -1810*h + 1323. What is the hundreds digit of q(-11)?
2
What is the ten thousands digit of 15676 - (-3*4/(-18) - 492/(-369))?
1
Let m(c) = c**2 - 8*c + 9. Let u be m(7). Suppose -u*q + 6 = j, -2*q + 2 = -0*j + 2*j. Suppose 568 = q*x - x. What is the units digit of x?
2
Let s(x) = -x**3 - 20*x**2 - 3*x + 53. Let y(v) = 11*v + 134. Let w be y(-14). What is the hundreds digit of s(w)?
1
Let l(q) = q**2 - 9*q + 15. Let a be l(3). What is the tens digit of (a/6)/(4/(-40)) + 873?
7
Let u(q) be the third derivative of -25*q**